is the remainder when j is divided by 12?
10
Calculate the remainder when (0 - (0 + -2))*(10 + -3) is divided by 4.
2
Let n be (0 + (1 - 2))*-7. What is the remainder when (-1)/((-2)/76) + -1 is divided by (-131)/(-7) + 2/n?
18
Let g = 24 + -5. Let m be (-4)/(-14) + 60/(-14). Calculate the remainder when (m/2)/(-2)*55 is divided by g.
17
Let u(v) = -18 + 17 + 30*v**2 + 0*v + v. Suppose -3*j + 3*q + 60 = 0, -4*q + 9 = 5*j - 46. Calculate the remainder when u(-1) is divided by j.
13
Let s(w) = 4*w - 2. Let p be s(-2). Let h be 1/5 - 18/p. Calculate the remainder when (-76)/(-3) - h/(-3) is divided by 9.
8
Let z = 4 + 5. What is the remainder when 23 is divided by z?
5
Let y = 268 + -170. Suppose z + z - y = 0. Let o(s) = s**3 + 4*s**2 - 3*s + 5. Calculate the remainder when z is divided by o(-4).
15
Suppose -3*f + 12 = -3. Suppose -2*w = -f*w + 60. Calculate the remainder when w is divided by 7.
6
Let v = -149 + 333. Suppose 0 = -3*b - v - 62. What is the remainder when (-3)/(6/b*1) is divided by 21?
20
Suppose -5*x = -3*g - 23, 3*x + 2*x = -4*g - 54. Let t = -29 - -52. Let p = g + t. Calculate the remainder when 33 is divided by p.
9
Suppose 0 = 2*j - 36 - 40. Suppose 66 = 5*z - 2*z. Let k = 32 - z. Calculate the remainder when j is divided by k.
8
Suppose 5*f + 293 = 4*x, 92 = 4*x - 3*x - 5*f. Suppose -x = -2*i + 83. Suppose i + 0 = 5*w. Calculate the remainder when 44 is divided by w.
14
Suppose 0 = -o + 57 + 40. Calculate the remainder when o is divided by 20.
17
Let x(y) = -y**2 + 9*y - 2. Let s be x(9). Let p be 11*(-1 - 0 - s). What is the remainder when 21 is divided by (p - 0) + 3 + -3?
10
Suppose 6*n = 305 - 5. What is the remainder when n is divided by 11?
6
Suppose 0 = n - 4 - 8. Suppose 0 = -5*w + w + n. What is the remainder when 11 is divided by w?
2
Let f(w) = 4*w**2 - 2*w + 1. Let j be 33/27 + (-2)/9. What is the remainder when 7 is divided by f(j)?
1
Let y(f) = -3*f**2 + 8 + 2*f**2 - 3*f - 5*f. What is the remainder when 29 is divided by y(-7)?
14
Suppose -3*v = -4*k + 353, 4*k = k - v + 268. What is the remainder when k is divided by 31?
27
Let k = 26 + -7. Suppose 2*j + 3 = -j. Calculate the remainder when k is divided by 4/(-2) - (-13 - j).
9
Let f(y) = y**3 + 8*y**2 - 3*y - 6. Let a be f(-9). Calculate the remainder when 17/2*a/(-10) is divided by 13.
12
Suppose r - 51 = -3*t, t = 3*t + 5*r - 47. Calculate the remainder when 63 is divided by t.
15
Suppose 81 = -2*w + 5*x, -4*x + 76 = -2*w - 0*w. Let u = 45 + w. What is the remainder when (-1476)/(-30) + 3/(-15) is divided by u?
15
Suppose -42 = 5*n + 48. Let j = 26 - n. Suppose 5*g + 29 = 104. What is the remainder when j is divided by g?
14
Calculate the remainder when ((-16)/(-1))/((-8)/(-20)) is divided by 110/8 + 2/8.
12
Let d(z) = -z**2 + 3*z + 1. Calculate the remainder when d(3) is divided by 1.
0
Calculate the remainder when 4 is divided by 0 - (-5 + (7 - 4)).
0
Let i(j) = j**2 + 3*j - 13. Calculate the remainder when 8 is divided by i(-6).
3
Let b = 10 - 6. Let g(a) = -a**3 + 5*a**2 - 3*a + 2. Let j be g(b). What is the remainder when 31 is divided by 68/j + (-2)/6?
9
Suppose 3*n - 2*r - 29 - 18 = 0, -2*n + 2*r + 28 = 0. Let h be 4 - (-1 + (1 - 1)). What is the remainder when n is divided by (-50)/h*(-1)/1?
9
Suppose -25*c + 70 = -20*c. What is the remainder when 37 is divided by c?
9
Calculate the remainder when (-6)/18*6 + 444/2 is divided by 45.
40
Let f(u) = -21*u**3 - u + 1. Let b be f(1). Let z = 31 + b. Calculate the remainder when z is divided by 4.
2
Let n(p) = p + 2. Let j be n(14). Let y be (-1)/(-1*1/2). Suppose j = y*c - 14. Calculate the remainder when 29 is divided by c.
14
Let c = 18 + -13. Suppose -v + 32 = 4*b, -2*v = 3 + c. What is the remainder when b is divided by 4?
1
Let y(c) = -1 - 11*c + c**2 + 2 + 4. What is the remainder when y(12) is divided by 9?
8
Suppose -47 = 3*p - 14. Let i(x) = -x**3 - 11*x**2 - 3*x - 12. What is the remainder when 81 is divided by i(p)?
18
Let q(x) = -x**3 + 8*x**2 + 9*x - 12. Let j be q(8). Suppose -4*o + 20 = j. What is the remainder when (0 - 1)/(2/o) is divided by 2?
1
Let g be 12 + (-1 - 3 - -1). Let v(x) = x**3 - 9*x**2 + x - 1. Let z be v(g). Suppose 4*u = 76 - z. What is the remainder when u is divided by 6?
5
Suppose -3*b - 4 = -16. What is the remainder when 10 is divided by b?
2
Let q(g) = 3*g - 3. Let u be q(-9). Let n = u + 80. Calculate the remainder when n is divided by 13.
11
Let r = 326 - 321. Suppose -4 = -2*t - 14. Let d = 8 - t. What is the remainder when d is divided by r?
3
Suppose 0 = -5*k + 5*t + 70, -k + 2*k - 10 = -t. Suppose -5*h + 221 = 3*m, 4*h + m - 89 = 2*h. Calculate the remainder when h is divided by k.
10
Let v(t) = 8*t + 3. Let h(s) = -9*s - 3. Let x(w) = 4*h(w) + 5*v(w). What is the remainder when x(6) is divided by (-2 + 9)/((-1)/(-2))?
13
Suppose -4*r + 111 = 4*u - u, u = -5*r + 125. Calculate the remainder when r is divided by 14.
10
Let k = -11 - -19. Let j = -56 - -87. What is the remainder when j is divided by k?
7
Suppose 0 = 3*o - l - 4*l - 44, 0 = l + 1. Suppose -3*v = -o + 1. What is the remainder when v is divided by 2?
0
Suppose -5*z + 26 = -4*z. Let p = 35 + -21. What is the remainder when z is divided by p?
12
Let v be (21 - 0) + 2 - -1. Let z be v/1 - 0/1. Suppose z = 5*g - g. Calculate the remainder when 10 is divided by g.
4
Let q(f) = -15*f - 18. Calculate the remainder when q(-3) is divided by 28/(-2)*(-2 + 1).
13
Suppose 3 = 2*k - 5*w - 9, -18 = -3*k - w. Suppose -3*a = -3*b - k - 15, -3*b - 6 = 0. What is the remainder when 8 is divided by a?
3
Suppose 0*i = i + 1. Let v(f) = 45*f**3 - f. Let d be v(i). Let m = d - -75. Calculate the remainder when m is divided by 16.
15
Let x = -12 + 21. Suppose 3*m + 2*q - 7 = -0*q, 2*m = 3*q + x. Suppose 5 = 5*n, -4*z - 5*n = -0 - 25. What is the remainder when z is divided by m?
2
Let z = -26 - -39. Calculate the remainder when 19 is divided by z.
6
Suppose -4*n = -47 - 1. What is the remainder when 47 is divided by n?
11
Let t(y) = y**2 + y - 4. Let j be t(-3). Suppose j*w - 48 = -w. What is the remainder when 46 is divided by w?
14
What is the remainder when 10 is divided by 2/(-4)*1*(-2 - 6)?
2
Let l = -8 - -11. Suppose l*v - 95 = -17. Let o = 1 + 13. What is the remainder when v is divided by o?
12
Suppose 4*b = -5*x - b + 75, 5*x - b - 69 = 0. What is the remainder when 26 is divided by x?
12
Let x(v) = -v**2 - 17*v - 19. Calculate the remainder when ((-1)/2)/(2/(-260)) is divided by x(-14).
19
Suppose 3*s = 3*a + 51, -2*s + 2*a - 8 = -3*s. Calculate the remainder when s is divided by 7.
0
Suppose 265 = -11*q + 1068. Calculate the remainder when q is divided by 11.
7
Let t = -21 + 25. Calculate the remainder when 13 is divided by t.
1
Let k(o) = 3*o**2 - 14*o - 1. Let j(b) = -b**2 + 68. Calculate the remainder when j(0) is divided by k(6).
22
Calculate the remainder when (-8)/(-3)*5/(-10)*-57 is divided by 26.
24
Let j(s) = -s**2 + 12*s - 8. Let u be j(11). Let f = u + 22. Calculate the remainder when f is divided by 1 + -2 + 5*2.
7
Let b = 100 - 64. What is the remainder when 105 is divided by b?
33
Suppose 0*i + 4*i = -5*p + 10, -14 = -2*i + 2*p. Calculate the remainder when 3 is divided by ((-4)/i)/(24/(-60)).
1
Suppose m = -m. Let b = 3 - -37. Suppose p = 5*r + 12, -5*p + 5*r + 0*r + b = m. Calculate the remainder when p is divided by 4.
3
Let y(o) = o + 3. Let j(m) = m + 2. Let a be j(8). Calculate the remainder when 38 is divided by y(a).
12
Suppose -i + 6 = 1. Let z(q) be the first derivative of -q**4/4 + 7*q**3/3 - 6*q + 10. What is the remainder when z(i) is divided by 15?
14
Suppose 5 + 11 = -2*j. Let a = -5 - j. Suppose 1 = -v + a. Calculate the remainder when 2 is divided by v.
0
Let g = 5 + 7. Calculate the remainder when 45 is divided by g.
9
Suppose -6 + 62 = 4*u. What is the remainder when 36 is divided by u?
8
Let s = -1 + 3. Suppose -g = -3*g + s. Calculate the remainder when 3 is divided by g.
0
Let b(g) = -g**2 - 11*g. What is the remainder when 29 is divided by b(-10)?
9
Let l = 1 - 1. Let u = -6 - l. Let p = 8 + u. What is the remainder when 5 is divided by p?
1
Let o(v) = -28*v. Suppose 2*m + 5*l = 12, m + 4*l - 5 = 2*l. Let h be o(m). Let i = h - -61. Calculate the remainder when i is di